 - 7*f**2 + f - 9. Let q(k) = -2*k**3 + 8*k**2 + 10. Let v = -1 + 3. Let h(x) = v*q(x) + 3*y(x). Is h(5) a prime number?
False
Suppose -x = -2*x. Suppose x = 2*t - 49 + 1. Let o = t + -14. Is o prime?
False
Suppose -4*z + 5*o = -7*z + 106, 110 = 3*z + o. Is z composite?
False
Let b = -10 + 16. Let j be -2 - (b + -1)*-5. Let o = -10 + j. Is o composite?
False
Is 321/(-3)*15/(-5) a composite number?
True
Let z(s) = 2*s**2 + 6*s - 7. Let i be z(-7). Let d = i + -18. Is d composite?
False
Let s(x) = -x**3 + 4*x**2 - 4*x - 1. Let t be s(3). Let f be (6/4)/(t/(-104)). Suppose -2*p - p + f = 0. Is p prime?
True
Suppose -5*t = -4016 - 5219. Is t composite?
False
Suppose l + 119 = n - 3*l, 2*l - 137 = -n. Let r = n - 18. Is r composite?
False
Let n be (0 + (-18)/10)*-5. Let d = n - 9. Suppose 4*c - 153 - 499 = d. Is c a prime number?
True
Let s(t) = t + 1. Let q be s(-1). Let r be (-4)/(-4) - (q + 27). Let p = r - -47. Is p a composite number?
True
Let r = 1140 + -505. Is r composite?
True
Let k be 45*1 - (-9 + 7). Suppose 0 = -4*g + k - 7. Is g a prime number?
False
Let z(q) = q**3 + 11*q**2 + 8*q - 1. Suppose 0 = 4*m + 18 + 18. Is z(m) a composite number?
False
Suppose 4*b - 5*c = 11314, -4*c - 171 - 2652 = -b. Is b a composite number?
True
Let c(f) = -4*f - 3. Let r be c(-2). Let p be (17/(-2))/(1/(-2)). Let b = r + p. Is b a composite number?
True
Let o = 3967 + -1032. Is o a prime number?
False
Let s = -39 - -283. Let n = -59 + s. Is n a composite number?
True
Suppose 4*n - 14 = 118. Let p be n - (-2 - -4)/(-2). Let k = p - 15. Is k a composite number?
False
Let x be (-1)/(-4) - (-539)/4. Suppose -5*o = 5*b - 0*o - x, 0 = -b - 5*o + 47. Is 0 + b + 0/3 prime?
False
Let i be ((-7)/2)/((-1)/22). Suppose -a = 3*g - i, 599 = 5*a + 2*g + 162. Is a composite?
False
Let y be (2/3)/((-46)/(-5865)). Suppose 2*m + 40 - 368 = 0. Let q = m - y. Is q prime?
True
Suppose -2*x + 2*k + 209 = -3*k, -5*k - 306 = -3*x. Is x a composite number?
False
Let s be 2 + (-3 - (2 - 1)). Let g be 1/(-1) + (-1 - s). Suppose 4*q - 23 - 21 = g. Is q a composite number?
False
Let c(g) = 4*g + 3. Let h be c(3). Let m be (h/(-3))/(1/3). Is -1 - (-2 + 16)*m a composite number?
True
Let s be 63/(-6) + 9/6. Let n = 24 - s. Is n a prime number?
False
Let h = 51 + 8. Is h composite?
False
Suppose 0 = -4*r + 3*y + 1496, 3*r - 1877 = -2*r + 2*y. Is r composite?
True
Let d(j) = j**3 - 6. Let i be d(0). Is 3/i*4 - -79 prime?
False
Suppose 5*o + 81 = 586. Suppose -f + o = -48. Is f a prime number?
True
Is 4/6*(4 - (-1735)/2) prime?
False
Let f(k) = k**3 - 8*k**2 - 7*k - 11. Let q be (12/20)/(1/15). Let n be f(q). Let v = n - -24. Is v a prime number?
True
Suppose -3*t + 251 = -2*t. Is t prime?
True
Is (-3)/2*(-1778)/21 prime?
True
Let y be 2/(((-5)/(-2))/5). Suppose y*c - 165 = c. Is c a composite number?
True
Let u(k) = 14*k - 7. Is u(7) a composite number?
True
Suppose i + 0 = 3. Suppose i*h = -4*w + 7*h + 380, -105 = -w - 4*h. Is w composite?
False
Suppose 4 = -c + 13. Is (-114)/(-3) - c/3 composite?
True
Let c(d) be the third derivative of 15*d**4/8 - d**3/2 + 5*d**2. Is c(4) prime?
False
Suppose 5*q - 2597 = 4*x, -5*q + 3*x = 5*x - 2609. Is q composite?
False
Let x(k) = 31*k**3 + 3*k - 4. Is x(3) a prime number?
False
Let u(v) be the third derivative of -v**4/6 + v**3/3 + 4*v**2. Let a be u(10). Is 3 - 1 - 3 - a a prime number?
True
Suppose 2*w - 64 - 46 = 0. Is w a prime number?
False
Let s = -3 + 5. Let r(d) = d**s - 4 - 4 + 3*d + 1. Is r(-7) composite?
True
Suppose 0 = -10*c + 3*c + 1561. Is c a prime number?
True
Let l = 12 - -3. Suppose -28 = -4*c + 4*a, 0*a + l = 5*a. Is c composite?
True
Let y = 1 + 5. Is 20/y*78/4 a prime number?
False
Suppose -5*d + 5*v - 18 = 2, -16 = -3*d - 4*v. Suppose d = 3*z - 6. Suppose z*s = 3*s - 47. Is s a composite number?
False
Suppose -39 = 13*l - 780. Is l prime?
False
Suppose -5*n = -2*i + 408, -2*i + 5*i - 605 = 4*n. Is i prime?
True
Suppose 70 = -0*b + 5*b. Suppose 69 - b = 5*x. Is x a prime number?
True
Suppose 5*q - k = 14, 3*k + 1 = -5*q - 1. Suppose 4*u = q*t - 138, 3*u + 0*u + 64 = t. Is t a prime number?
True
Let u(z) = -18*z + 1. Suppose -5*g - 3*o = -2*o + 11, -3*o = g - 9. Is u(g) composite?
True
Is (-99)/(-21) + -5 - 2599/(-7) a prime number?
False
Let u(p) = p**2 + 2*p - 1. Let f be u(2). Let w = f + -6. Is -3 + ((-38)/w)/(-1) a composite number?
True
Suppose 5*y - 44 = -j, -4*j = -2*j + 2. Is 6/y - (-3351)/9 a prime number?
True
Let y(q) = 6*q**2 - q - 2. Let f be y(-3). Suppose -93 = -4*l + f. Is l a prime number?
True
Let q(v) = -5 - 7*v + 5*v**2 + 5*v - 5*v. Is q(6) a composite number?
True
Let w(d) = 8*d**2 + d + 1. Let y = 0 + 4. Let z = y - 2. Is w(z) a composite number?
True
Let k = 5 + -2. Suppose k*l - 24 = 33. Is l composite?
False
Let s be 237/33 - (-2)/(-11). Let n = -3 + s. Is -11*1*(-9 + n) prime?
False
Let o(m) = 2*m**2 - 2 + 0*m**2 + 5 - m + 1. Is o(5) prime?
False
Suppose -2*r = r - 3. Suppose -c - r + 5 = 0. Suppose -c*z + 232 = -16. Is z a prime number?
False
Is 4/(-10)*-5 - -445 composite?
True
Let p be (4/(-6))/(30/(-225)). Suppose 5 = 4*u - 3. Suppose -t = p*r - 566, u*r = 4*r - t - 225. Is r composite?
False
Suppose -15*t + 10*t - 595 = 0. Let k = 172 + t. Is k a prime number?
True
Suppose 0*s = -2*s + 64. Let w = 55 - s. Is w a prime number?
True
Suppose -349 + 1364 = 3*h - 2*f, 2*f = -4. Let x = h - 165. Suppose 3*l - 7*l + x = 0. Is l composite?
False
Let b be 23/(-3) + 2/3. Let q(n) = 3*n**3 + n**2 - 2*n - 7. Let t(d) = 10*d**3 + 3*d**2 - 7*d - 22. Let v(u) = b*q(u) + 2*t(u). Is v(-6) prime?
False
Suppose 0 = -t + 2*o - 48, 2*t - 3*t = 4*o + 48. Let a = 21 - t. Is a composite?
True
Suppose a = 2*x - 614, 0 = -0*a - a + 3*x - 614. Let t = -171 - a. Is t a composite number?
False
Let c be 4/(-6) - (-14)/21. Suppose 4*j - 2*y = 12, 2*j - 5*y - 5 - 9 = c. Suppose -3*l + j*l = -65. Is l a composite number?
True
Let n(d) = -d + 15. Let b be n(11). Suppose -255 = -h - b*h - 4*q, 2*h - 2*q - 84 = 0. Is h a composite number?
False
Let u(r) = r - 2. Let h be u(7). Suppose 4*w - 15 = j, 4*w - 45 = -0*j - h*j. Suppose -w*x + 330 = n, -x + 24 = n - 38. Is x prime?
True
Suppose -5*r + 33 = 5*d - 8417, -r = 3*d - 1688. Is r a prime number?
False
Let n(x) = x + 4. Let j be n(-2). Is 0 + j - -174 - -1 a prime number?
False
Let x be (-21)/(-6) + 2/4. Suppose 5*y = -3*t + 226, x*y - 227 = -2*t - t. Is t prime?
False
Suppose 5*j + 1 + 9 = 0. Let a be j/6 + (-44)/(-6). Is 4/2 - -11*a composite?
False
Let n = 13221 + -9372. Is n prime?
False
Let b = -56 + 103. Suppose 4*m - 105 - b = 0. Suppose -5*z = -27 - m. Is z composite?
False
Suppose 3*r - 18 = -0. Is r/(-10) - 4440/(-25) prime?
False
Suppose -5*b = -v + 7 - 3, -2*b = 4*v + 72. Let a = 10 + v. Is ((-15)/a)/(2/28) a composite number?
True
Suppose 2*j - 654 = -4*w, -7*w = -3*j - 4*w + 954. Is j a prime number?
False
Let r be 18/27*4*3. Let x = 5 - 9. Is 282/r + 1/x composite?
True
Let t(q) = -q - 1. Let r(v) = 35*v + 14. Let j(p) = r(p) + 3*t(p). Let d = 44 + -34. Is j(d) composite?
False
Suppose -3*z - 423 + 3984 = 0. Is z a composite number?
False
Is 8/(-10) - (-18380)/100 a composite number?
True
Let v = 8 - 16. Suppose 5*j - 275 = 250. Let y = j - v. Is y a prime number?
True
Let y = -363 - -920. Is y a composite number?
False
Let a be (-4 + 11 + 3)/2. Suppose -5*h + 603 = 2*y + y, a*y - 3*h = 1005. Is y a composite number?
True
Suppose -d = 4*a - 1833, -a + 6*d - 3*d = -442. Is a prime?
True
Let y = 1139 - 745. Is y a prime number?
False
Let u(i) = -i**2 - 5*i + 10. Is u(-4) a composite number?
True
Let x be ((-8)/(-6))/((-2)/6). Let r = x + 7. Suppose 156 = r*y + 45. Is y prime?
True
Let t = -139 + 257. Suppose t = c + c. Is c a prime number?
True
Let i be (-17)/(-4) + 3/(-12). Suppose 4*o = g + 9 + 5, -g + i = 2*o. Suppose -3*c + o = -6. Is c prime?
True
Let a(j) = 7*j**3 + j**2 + 4*j - 3. Let s(b) = -1 + 3*b**2 + b + 1. Let v be s(-1). Is a(v) a composite number?
True
Let j be 3*(-4 + 7*-71). Is 7/14 + j/(-6) composite?
False
Let n be -4*2*21/(-6). Let x = n - -31. Is x a prime number?
True
Let d(k) = -k**3 + 13*k**2 + 13*k + 17. Let v be d(14). Suppose l - 754 = -v*b, -2*b + 498 = l - 5*l. Is b composite?
False
Let f = 310 + -169. Let i = -52 + f. Suppose o - i 